*2 + q + 5. Suppose 6*r - 36 - 12 = 0. Suppose -a - 3*h = -h - 11, a + h = r. What is t(a)?
-15
Let g be (6/4)/((-3)/(-38)). Let w = g + -23. Let x(u) = u**3 + 3*u**2 - 3*u - 4. Determine x(w).
-8
Let c(b) be the first derivative of -5/12*b**4 + 5*b - 1/20*b**5 - 7 - 1/2*b**2 - b**3. Let q(w) be the first derivative of c(w). What is q(-4)?
7
Let j(s) be the first derivative of -s**4/4 - s**2/2 + s - 10. Let r be 2/3 - (-8)/6. Suppose 3*m - 4*n = -2*n + 12, 0 = -r*m + 2*n + 10. Give j(m).
-9
Let w(s) = 2 - 21018*s + 21021*s - 8*s**2 + 2*s**2 - s**3. Determine w(-5).
-38
Let c(o) = o + 2*o**3 + 125 + 2*o**3 - 126. Determine c(-2).
-35
Let q(x) = -x**2 + x - 1. Let t(d) = -2*d + 5. Let s(p) = p + 6. Let w be s(-5). Let j(b) = w*t(b) + q(b). Give j(3).
-8
Let z be (-2)/3 - 299/(-39). Let o = 8 - z. Let x be (9 - -3)*o/(-2). Let f(c) = c**3 + 5*c**2 - 4*c + 7. What is f(x)?
-5
Let o(l) be the third derivative of -l**5/60 + 5*l**4/8 + 5*l**3/6 - 11*l**2 - 24. Determine o(15).
5
Let t(o) = -2*o**2 - 5*o + 43. Let i be t(-6). Let m(l) = l. Let x(r) = -11*r + 1. Let q(h) = 2*m(h) + x(h). Calculate q(i).
-8
Let g(k) be the third derivative of -k**4/12 + 19*k**3/6 - 40*k**2. Determine g(7).
5
Let i be -7 - 1 - (-3 - (-3)/1). Let p(b) = -4*b - 26. Determine p(i).
6
Let v(a) be the third derivative of 0 - 5/12*a**4 + 1/120*a**5 - 1/90*a**6 + 0*a**3 + 0*a + 3*a**2. Let n(b) be the second derivative of v(b). Determine n(-1).
9
Let s(p) = -p**3 - 4*p**2 + 3*p + 5. Let d = -201 - -210. Let u = -36 - -23. Let l = d + u. Calculate s(l).
-7
Let z = 11 + -9. Suppose -4*c - 10 = -3*u + u, 4*u - 14 = 5*c. Let x(s) = -s + 1. Let p(o) = -o + 4. Let a(k) = u*p(k) - 3*x(k). Calculate a(z).
5
Let f(k) be the first derivative of k**2 - 10*k - 109. Determine f(11).
12
Let w = 1859 - 1847. Let f(k) = k**2 - 14*k + 30. Calculate f(w).
6
Let k(j) be the second derivative of -j**5/20 - 5*j**4/12 - j**3/6 + j**2 - j - 14. Let g be ((-1)/(2/(-20)))/(33 - 35). Calculate k(g).
7
Let c(a) = -a**2 + 7*a - 9. Suppose 0 = -4*y + 6 + 10. Suppose -3*w = s + 4*s - 8, y*w - 18 = -3*s. Determine c(w).
-3
Let z(j) = -5*j**2 - 13*j - 2. Let k(l) = 6*l**2 + 14*l + 3. Let c(m) = 4*k(m) + 5*z(m). Let t be (-30 + 16 + 5)*1. Calculate c(t).
2
Suppose 0 = -34*x - 2 + 70. Let m(b) = -7*b**2 + 3*b - 3. Give m(x).
-25
Let m(z) = -3*z**2 - 3*z - 3. Suppose 25*q - 6 = 24*q. Let h be 17/(-34)*q/1. Calculate m(h).
-21
Let l(h) = -4 + 3*h - 253*h**2 + 0 + 255*h**2. Let z = 34 - 37. Calculate l(z).
5
Let v(d) = d**3 - 13*d**2 - 12*d - 25. Let w be v(14). Let n(g) = -26*g + 17*g + w + 8*g. Give n(-3).
6
Suppose 2*p - 3*f = -4, p + 2*p = -f - 17. Let d(b) = -2*b**2 - 8*b - 3. Determine d(p).
-13
Suppose -2*h + 4 = 0, -3*b + h = -8 + 1. Suppose -5*j = -5*v - 0*v + 90, b*v + 2*j = 59. Let c = 21 - v. Let i(y) = 4*y**2 - 4*y + 3. Determine i(c).
11
Let c(m) = 62*m**2 - 61*m**2 - 1 - m + 1 - 2. Calculate c(6).
28
Let m(j) = 15*j - 40. Let y be m(3). Let z(c) = -c**2 - 3*c - 2. What is z(y)?
-42
Let j(q) = q**3 + 9*q**2 + 5*q + 4. Let s(m) = -2*m**3 - 18*m**2 - 9*m - 7. Let n(x) = 9*j(x) + 4*s(x). Determine n(-8).
0
Let q(c) = -4 + 10 - 3 - 5*c + 0 - c**2. Determine q(-6).
-3
Let t(x) be the second derivative of 0 - 1/12*x**4 + 0*x**2 + 16*x + x**3. Calculate t(5).
5
Let k(j) = 1 - 3*j - 3 + 110*j**2 + 1 - 3*j - 111*j**2. Give k(-5).
4
Let q(p) = p + 10. Let u(n) = -4*n - 2*n + 8 - n**2 - 15. Let r be u(-6). Give q(r).
3
Let v(w) = w**3 - w**2 - 4*w. Let m be v(3). Suppose 16 + 14 = -m*a. Let q(h) be the first derivative of h**3/3 + 3*h**2/2 - 4*h + 9. What is q(a)?
6
Suppose -s + 5*n + 90 = -2*s, 3*n = -5*s - 428. Let r = -77 - s. Let u(l) = -l + 13. Calculate u(r).
5
Suppose p = -889 + 886. Let n = 4 - 2. Let m(z) = z**3 - 3*z**2 + 4*z**2 + 3*z**n + 2*z. Give m(p).
3
Suppose 5*h - 16 = 9*h, 0 = -5*m - 5*h - 25. Let v(i) = 28*i**3 - i**2 + i + 1. Determine v(m).
-29
Let o(x) = -2*x + 7 - 2*x - x**2 - 5 + 6. Let v = 133 - 139. What is o(v)?
-4
Let k(g) = 5*g**2 + 75*g**3 - 35*g**3 - 39*g**3 + 2 + 4*g. Let z = 2 - 4. Let x be z + (-3 - 9/(-3)). Determine k(x).
6
Suppose -5*p = -20, -7 = -5*v + p + 14. Suppose 0 = -2*o + o - t + v, o + 3*t = 9. Let i(y) be the second derivative of -y**4/12 + y**2/2 - 2*y. Calculate i(o).
-8
Suppose 2*u + 2 - 8 = 0. Let i(j) = -97*j**2 + 285*j**2 + j - 3 - j**3 - 92*j**2 - 93*j**2. What is i(u)?
0
Suppose -67*t - 40 = -63*t. Let l(g) = g**2 + 12*g. Calculate l(t).
-20
Let a be (-2)/5 + 88/20. Suppose q + p + 17 = a*p, 0 = 5*q - 4*p + 30. Let u(t) = -2*t + 2. Give u(q).
6
Suppose -129 = 5*j - z, -4*j - 100 = -5*z + z. Let a = j - -23. Let h(c) be the second derivative of -c**5/20 - 5*c**4/12 + 2*c**2 - 10*c. Give h(a).
-14
Let k(x) = 5*x - 7. Let n be k(2). Suppose -n*d = d. Let w(s) = -s - 9. Give w(d).
-9
Suppose -15 = -3*g + 8*g. Let r(u) be the first derivative of u**4/12 + u**3/2 - u**2/2 - 7*u - 5. Let k(y) be the first derivative of r(y). Calculate k(g).
-1
Let q(l) = -120*l + 6 + 122*l - 1 + 7*l**2 - 6*l**2. What is q(4)?
29
Let h(c) = -5*c**3 - 41*c**2 - 28*c + 19. Let v(y) = 3*y**3 + 27*y**2 + 19*y - 12. Let g(r) = 5*h(r) + 8*v(r). Determine g(12).
-1
Let t(x) = -4*x**2 + 20*x - 6. Let o(z) = 3*z**2 - 56*z + 133. Let l be o(16). What is t(l)?
-6
Suppose 14 - 5 = -c. Let l = c - -14. Let a be 4/l - (-15)/75. Let h(q) = 2*q**3 - 1. Calculate h(a).
1
Suppose 2 + 20 = 2*v. Let r(h) = v*h**2 + 5*h + 2*h - 10*h**2. Determine r(-7).
0
Let c be (-2)/(-13) + (-250)/(-65). Let u(i) = -i**3 + 6*i**2 - 2*i - 5. Determine u(c).
19
Let q(v) = v**3 - 36 - 4*v + 54 - 11 + v**2 - 3*v**2. What is q(2)?
-1
Let l(s) = -2*s + 1. Let p(c) = -4*c. Let r(j) = j**2 + 10*j + 18. Let h be r(-8). Let t be p(h). Give l(t).
17
Suppose m + 20 = 6*m. Let s(t) = 4 + 6*t + m*t - 2 - 4*t. Give s(2).
14
Suppose -2 = -4*u + 2. Let t = -4 + 6. Let d(m) = -3*m**t - m**2 - m**2. Calculate d(u).
-5
Let a(q) = q**3 + 22*q**2 + 2*q - 23. Let h be a(-22). Let l = 66 + h. Let x(o) = 17*o**2 + o + 1. Determine x(l).
17
Let l = -7 + 20. Suppose t - 14 = -l. Let g(m) = -5*m**3 + 2*m - 1. Give g(t).
-4
Let m(c) = -2*c**2 + 1 - 2 + 2 - c + 0. Let i = -169 + 167. Give m(i).
-5
Suppose -11*y = -56 - 21. Let p(z) = -z**2 + 3*z + 10. Give p(y).
-18
Let w = 164 + -156. Let u(x) = x**3 - 9*x**2 + 10*x - 10. What is u(w)?
6
Let r(m) = -10*m - 14. Let l(w) = 3*w + 4. Let u(j) = -7*l(j) - 2*r(j). Give u(9).
-9
Suppose 0*h + 29 = -4*h + 5*s, 5*h - 5*s = -30. Let a = -3 - -5. Let z(t) = t**2 + 6*t**3 - t - 3*t**a + 0*t**2. What is z(h)?
-7
Let v(w) = -18*w - 33. Let r be v(-2). Let z(j) = -j**3 + 2*j**2 - j. What is z(r)?
-12
Let v be -3 + (1/1)/((-6)/(-78)). Let q(i) = -i**2 + 11*i + 8. Calculate q(v).
18
Let w(u) = 3*u**3 + 2*u - 1. Let o = -28 - -21. Let z be o*(26/(-7) - -3). Suppose 7 = z*i + 2. Give w(i).
4
Let d(z) be the first derivative of 4*z**2 - 48*z - 283. Determine d(6).
0
Let x(z) = 3*z**2 - 1. Let l(p) = 13*p**2 + 14*p - 36. Let f(i) = l(i) - 4*x(i). Give f(-16).
0
Let i(s) = s + 2. Let p(n) = -n - 1. Let w(f) = 4*i(f) + 5*p(f). Determine w(9).
-6
Let y = 51 - 47. Let t = 0 + 5. Suppose 6 + y = t*d. Let j(b) = 4*b - 2. Determine j(d).
6
Let r(i) = -4*i + 4 - 4*i - 13*i + 29*i. What is r(-3)?
-20
Let m be -7*-1*(-2)/(-14). Let o(t) = t - 2*t + t + 2*t + m. Let s be -2 - (-1 + 0 - 4). Calculate o(s).
7
Let g(s) = -s**3 - 6*s**2 - 6*s + 3. Let w(x) = x + 54. Let y be w(-7). Let a = 42 - y. What is g(a)?
8
Let i(n) = -n**2 + 26*n - 21. Let s be i(25). Suppose -3*u + s*p + 1 = -9, -2*u = -2*p - 4. Let h(t) = -t**3 - 3*t**2 - 2*t - 2. What is h(u)?
-2
Let n(j) = -12*j + 2. Let s be 40/260 + (-1)/((-26)/(-56)). Give n(s).
26
Let z be ((-206)/4)/((-18)/12 + 2). Let k = 98 + z. Let h(d) = -d**3 - 5*d**2 + 4. Give h(k).
4
Let u(v) = -11*v + 8. Let a(o) = -13*o + 7. Let r(i) = 5*a(i) - 6*u(i). Determine r(26).
13
Let k(o) be the third derivative of -o**6/120 - o**5/12 + 7*o**4/24 + o**3/3 + 3*o**2 - 3. What is k(-6)?
-4
Let d = -23 + 28. Suppose -9*j = -d*j + 20. Let t(f) = f + 5. What is t(j)?
0
Let f(y) = y**3 - 6*y + 3. Let w be f(2). Let d(s) = -11*s + 2. Let j(k) = -5 - 9*k + 10*k + 10*k + 21*k. Let i(p) = -8*d(p) - 3*j(p). What is i(w)?
7
Let t = 55 + -52. Suppose 0 = -4*v - t*u - 19, 2*v = u + 4*u + 23. Let j(f) = 20